112
In base 13, what is -56 + 19b1?
1958
In base 15, what is 130a - 176?
1184
In base 14, what is -23a90 + -2?
-23a92
In base 14, what is -1085b - -d?
-1084c
In base 14, what is -6c570 + -1?
-6c571
In base 12, what is -2404 - 2b?
-2433
In base 15, what is -b0 + a0e?
94e
In base 4, what is 223323 + -13?
223310
In base 12, what is 23 - 209a?
-2077
In base 16, what is 6 + 63ccb?
63cd1
In base 15, what is -c - -9494?
9487
In base 8, what is -1744 - 45?
-2011
In base 8, what is 21752 + 105?
22057
In base 7, what is -4 + 340533?
340526
In base 7, what is 223 - -315?
541
In base 8, what is 23027 + -16?
23011
In base 2, what is 100011 - 10001101110111?
-10001101010100
In base 5, what is 2004110 + -231?
2003324
In base 13, what is -3 - -1a8b2?
1a8ac
In base 14, what is 125 + 194?
2b9
In base 13, what is -1128 - 12?
-113a
In base 13, what is 6 - 7212?
-7209
In base 14, what is -5 + 648d?
6488
In base 6, what is -501 + -11005?
-11510
In base 2, what is 1011001111 + 10010011001?
11101101000
In base 7, what is 1226101 - -6?
1226110
In base 14, what is 8 + -3aa79?
-3aa71
In base 13, what is 14218 + b?
14226
In base 10, what is 2 - 357811?
-357809
In base 8, what is -306671 + 4?
-306665
In base 4, what is -1303 + -3003?
-10312
In base 14, what is -4 - 21a35?
-21a39
In base 10, what is 109 - -7142?
7251
In base 11, what is 1495 - 3a?
1456
In base 14, what is -9 - 2a05?
-2a10
In base 11, what is 15 - -1937?
1951
In base 6, what is -1544 - 10114?
-12102
In base 15, what is 3d + -14d2?
-1494
In base 14, what is 0 + -804?
-804
In base 7, what is 1000 - -1406?
2406
In base 6, what is 4 - -503534?
503542
In base 7, what is 32 - 20265?
-20233
In base 16, what is fc23 + 1?
fc24
In base 4, what is -33013 + -1?
-33020
In base 2, what is -10110011001 + 1111?
-10110001010
In base 9, what is -6 - 17218?
-17225
In base 4, what is 33231 + 102?
33333
In base 6, what is -431 + 43?
-344
In base 14, what is 1 - 5209?
-5208
In base 3, what is 210112121 + -1?
210112120
In base 10, what is 50 - -1772?
1822
In base 6, what is -305030223 + 0?
-305030223
In base 10, what is -140089 + 4?
-140085
In base 11, what is -2 - -7810?
7809
In base 2, what is 111000 + -11101110?
-10110110
In base 7, what is -3025 - -2240?
-455
In base 16, what is -778a2 + 7?
-7789b
In base 15, what is 2e4daa - 0?
2e4daa
In base 11, what is 95 - -602?
697
In base 6, what is 12 - 25103?
-25051
In base 4, what is -21 - -1021011?
1020330
In base 15, what is -17ec - -3?
-17e9
In base 4, what is -110011213 + 1?
-110011212
In base 13, what is -1058 - -40?
-1018
In base 13, what is -22110 + 0?
-22110
In base 6, what is -2 + 242355?
242353
In base 10, what is 113 + -212?
-99
In base 9, what is -76507 - -5?
-76502
In base 14, what is ab9 + -4?
ab5
In base 9, what is 4 - -555350?
555354
In base 10, what is -270 + 131?
-139
In base 12, what is 1 - a2575?
-a2574
In base 11, what is -15 + 11a87?
11a72
In base 5, what is -34 - 31043?
-31132
In base 8, what is -10761 + -34?
-11015
In base 8, what is -444357 + 4?
-444353
In base 11, what is -1185 + 6?
-117a
In base 4, what is 2 + -302301330?
-302301322
In base 2, what is -100110001 - -1001010?
-11100111
In base 2, what is -101010100011000100 - 10?
-101010100011000110
In base 4, what is 2101323 - 202?
2101121
In base 6, what is -20424 + 54?
-20330
In base 13, what is 27c6 + 7?
2800
In base 15, what is 0 - 5688?
-5688
In base 5, what is 1 - 110301?
-110300
In base 15, what is 2b03c + 8?
2b045
In base 15, what is -c43 + -26b?
-eae
In base 12, what is 5 - -372?
377
In base 7, what is 1013 + 323?
1336
In base 6, what is 102123 - 1?
102122
In base 15, what is 110a7 - 2?
110a5
In base 14, what is -23 - -d3c?
d19
In base 2, what is 1000011110000001001 + -11?
1000011110000000110
In base 4, what is -331022 + -112?
-331200
In base 11, what is 109 - 275?
-167
In base 8, what is -10 + 10073?
10063
In base 8, what is 1 - 22531?
-22530
In base 13, what is -15178 + 2?
-15176
In base 2, what is 10001110 + 1000010100000?
1000100101110
In base 2, what is 100100 + 1111111101?
10000100001
In base 5, what is -13220 + -12342?
-31112
In base 2, what is -101 - -101011100010000?
101011100001011
In base 15, what is -c - -2aec?
2ae0
In base 10, what is -1795 - -8?
-1787
In base 14, what is -c65a - -4?
-c656
In base 5, what is 2 + -110030?
-110023
In base 9, what is -57 + 1667?
1610
In base 13, what is 4878 + b?
4886
In base 10, what is 825 + 14?
839
In base 15, what is -3b - -2ba6?
2b6a
In base 5, what is -4204012 - 0?
-4204012
In base 6, what is -204 - 241025?
-241233
In base 5, what is 3 + -2022?
-2014
In base 15, what is -6c4 - -7?
-6bc
In base 6, what is 13 + -213250?
-213233
In base 3, what is 11102202221 - -1?
11102202222
In base 13, what is 164c18 - -3?
164c1b
In base 9, what is -282 - -1767?
1475
In base 10, what is 0 + 993957?
993957
In base 6, what is -3211 - 4?
-3215
In base 7, what is -654524 - 22?
-654546
In base 6, what is -14 - 25332?
-25350
In base 8, what is 3 - 22635?
-22632
In base 5, what is 1 - 4441210?
-4441204
In base 5, what is -40 + -1300001?
-1300041
In base 10, what is 4 - 20312?
-20308
In base 15, what is 21c44 + 6?
21c4a
In base 16, what is 13 - 144?
-131
In base 14, what is 30 - 13b3?
-1383
In base 6, what is 1002434 - 5?
1002425
In base 14, what is -11 - b70?
-b81
In base 5, what is -1230203 + -41?
-1230244
In base 3, what is 1020210110 + 2201?
1020220011
In base 2, what is -1010000 + -1000010?
-10010010
In base 11, what is -45534 + -3?
-45537
In base 11, what is 8a3364 + 5?
8a3369
In base 10, what is -1043 + 427?
-616
In base 16, what is -1 - 1f24?
-1f25
In base 2, what is -11011101001 + 1100001101?
-1111011100
In base 9, what is 5715 + -18?
5686
In base 12, what is 19 + b34?
b51
In base 15, what is 2 + -161?
-15e
In base 2, what is 101 - -10001100111011000101?
10001100111011001010
In base 5, what is -203104 + -4?
-203113
In base 3, what is 22112020220 - -10?
22112021000
In base 8, what is -677 + 330?
-347
In base 5, what is 10201200 + 3?
10201203
In base 5, what is -11402 - -43?
-11304
In base 2, what is 100 + 10111000010110011?
10111000010110111
In base 15, what is 11598 + 21?
115b9
In base 13, what is 192848 - 2?
192846
In base 10, what is -34 - -1971?
1937
In base 14, what is 1bd50 - -1?
1bd51
In base 16, what is -5384 - 1?
-5385
In base 6, what is -5 - 452523?
-452532
In base 10, what is 77406 + 0?
77406
In base 14, what is -4 + 2dc0d?
2dc09
In base 14, what is 6 + -14d0?
-14c8
In base 14, what is -9d - -5210?
5151
In base 8, what is -2 + -43300?
-43302
In base 8, what is -3 + -1364777?
-1365002
In base 15, what is 1 - 1a04?
-1a03
In base 14, what is -1 + -3c74c?
-3c74d
In base 2, what is -1100001111110101011000 - -1?
-1100001111110101010111
In base 6, what is 2 + -2043045?
-2043043
In base 7, what is 2455 - 462?
1663
In base 7, what is -1640 + -3121?
-5061
In base 14, what is 1 - 78008?
-78007
In base 16, what is a - -d21a?
d224
In base 14, what is d29 - -445?
1370
In base 8, what is -3 + -172466?
-172471
In base 6, what is 4 + -3421155?
-3421151
In base 5, what is 312200040 + 4?
312200044
In base 6, what is 1105125 + -33?
1105052
In base 4, what is 1201 - -13013?
20220
In base 5, what is 243 - -3130?
3423
In base 3, what is 122 - -110102022?
110102221
In base 2, what is -110110100 - -11110111000?
11000000100
In base 12, what is -bb702 - 8?
-bb70a
In base 13, what is -4089b - -3?
-40898
In base 16, what is 2a10d - 5?
2a108
In base 10, what is -4168 + -1?
-4169
In base 16, what is -2 - 14f1?
-14f3
In base 16, what is 2d + -1100?
-10d3
In base 4, what is 12122 - -3123?
21311
In base 10, what is 1 + -76222?
-76221
In base 3, what is -102011022212 + -1?
-102011022220
In base 16, what is -2c0 - -c71?
9b1
In base 10, what is -17 - -8450?
8433
In base 3, what is 1220 + 120220102?
120222022
In base 3, what is 1111002221021 + 10?
1111002221101
In base 2, what is 1 - 111111000111101010?
-111111000111101001
In base 11, what is 1 - -17916?
17917
In base 8, what is -5053 - -12?
-5041
In base 16, what is 6 - 1177?
-1171
In base 9, what is -15525 - -22?
-15503
In base 11, what is -3 + -34642?
-34645
In base 3, what is 11 - -201002221221?
201002222002
In base 10, what is 4724 + 108?
4832
In base 10, what is -78629 - 12?
-78641
In base 6, what is -123123 - 22?
-123145
In base 13